e (3/(-8))/(22/(-176)). Suppose -2*h + 5*m = -113, m = i*h + h - 235. Is h a composite number?
False
Let z(m) = m - 2. Let x be z(16). Let c(n) = n**2 + 19*n - 17. Is c(x) composite?
True
Let i(z) be the second derivative of -z**4/4 - z**3/6 + 251*z**2/2 - 20*z. Is i(0) a prime number?
True
Let i(f) be the third derivative of -13*f**6/720 - f**5/60 + f**4/6 - 6*f**2. Let x(w) be the second derivative of i(w). Is x(-3) composite?
False
Suppose 4*t = -3*c - 20, 4*c - t + 25 = c. Let k be (c/(-10))/(10/25). Suppose -2*i = -k*a + 236, -5*i - 406 = -3*a - 58. Is a composite?
True
Suppose 5*w + 248 = -227. Let q = -36 - w. Is q prime?
True
Let j = 66 + -57. Suppose j*w - 2228 = 5*w. Is w composite?
False
Let h = -10 + 10. Suppose h = 3*o - 6, 0*o = -5*u - 2*o - 1626. Let a = u - -467. Is a composite?
True
Is (-8224489)/(-147) + 2/21 a prime number?
True
Let j be (-2 - -1 - 0) + (-421 - 9). Let s = j - -850. Is s a prime number?
True
Let r(n) = 81*n - 27. Let x be r(-16). Let j = -709 - x. Is j prime?
False
Let d(v) = 381*v + 3. Let n be d(3). Suppose -7366 = 14*o + 1888. Let s = n + o. Is s a composite number?
True
Let d(u) = 2*u**3 + 8*u**2 + 35*u - 1. Is d(10) a prime number?
False
Suppose -414*m + 413*m = -15869. Is m composite?
True
Suppose 1205 = u - 5*x + 466, -3*x = -4*u + 2956. Let q = u + -486. Is q a composite number?
True
Let w(g) = -5*g + 9 + 2*g + 9 - 4*g**2 + 11*g**3 - 8. Is w(3) prime?
False
Let t be ((-1 - -9)/(-16 - -14))/(-2). Suppose -2*n = t*n - 356. Is n a composite number?
False
Let s = -21995 + 58768. Is s a prime number?
False
Let r = -20 - -20. Suppose 128 = k - 5*c - 83, r = -k + 2*c + 211. Is k prime?
True
Suppose 0*d - 796014 = -54*d. Is d composite?
False
Suppose -9 = -4*j + z + 3, 2*j - 4*z - 6 = 0. Let m be 0/(-2 + j) - -2. Suppose -m*l = 4*p - 1186, -5*p + 1480 = 2*l + l. Is p prime?
False
Suppose -453 - 900 = 3*v. Let f = 1394 + v. Is f a prime number?
False
Suppose 4*r = 4*h + 2 - 22, 2*h - 4 = 4*r. Let v be h*((-21)/(-6) + 0). Suppose -k = -5*k + v. Is k prime?
True
Suppose 4*h + 10 = -10. Let n be ((-1)/h)/((-14)/(-140)). Suppose -5*y + y - q + 711 = 0, -n*q + 537 = 3*y. Is y a composite number?
True
Is (-5513)/(-11) + 2 + 56/(-308) a prime number?
True
Suppose -3*x - 159 = -6*x. Suppose 2*n = g + x, -5*g - 76 = -3*n - 0*n. Suppose 0 = -2*v + n + 35. Is v a composite number?
False
Suppose 2*b = 2*a + 3600, 2*b = b - 5*a + 1800. Let n = b + -761. Is n prime?
True
Let u(i) = -3*i - 18. Let f be u(-15). Let z = 31 - f. Suppose 0 = -4*j - 5*w + 71, 3*j - z*j - 4*w = -15. Is j composite?
False
Suppose -20*y + 126 = -27*y. Let r be (-1 + 3)/2*41. Let f = y + r. Is f a prime number?
True
Let v(c) = -16*c**3 - 3*c**2 + 5*c - 3. Let n be v(-4). Let a = n - 460. Is a a prime number?
False
Suppose 219*f + 47115 = 246*f. Is f a composite number?
True
Let o(q) = 2*q - 2. Let p be o(3). Suppose 2*j = -5*x - j + 1246, -p*x + 1001 = j. Is x a composite number?
False
Suppose 8*p - 12376 = -520. Is 4 + (p/3 - 1) composite?
True
Let y(a) = 14*a**2 + 17*a + 113. Is y(12) a composite number?
False
Let m(k) = -440*k - 3. Let j be m(-3). Suppose 0*c = 3*c - j. Is c a prime number?
True
Suppose 2*b = 4*x + 50, 3*b - 75 = -5*x - 0*x. Suppose -5*n - b = -6*n. Suppose -d + n = 4. Is d a composite number?
True
Suppose 9839 = 23*t - 127080. Is t prime?
True
Suppose 19*p - 27*p = -27256. Is p a prime number?
True
Let d(j) = -91 - 10*j + 57 + 41. Is d(-3) a prime number?
True
Let f be (-6)/2 - (7 - 13). Let v be (-10)/f*(-3)/(-2). Let n(i) = -84*i + 2. Is n(v) a composite number?
True
Let z(w) be the first derivative of -w**2/2 + 3*w - 3. Let a be z(-2). Let h(i) = 12*i**2 + 4*i + 9. Is h(a) composite?
True
Suppose 3*i = -7*d + 3*d - 15, -d = -4*i - 1. Let o be 2 + -6 - (1 - i). Let b(v) = -v**3 - 2*v**2 + 4*v + 7. Is b(o) a prime number?
True
Suppose -7*n + 147 = -21. Let x = -25 + n. Is 5 + x + 492 + -5 prime?
True
Let o = -351 + 765. Suppose -2*u - 4*f = -1366, u + 5*f - 1106 = -o. Is u prime?
True
Let g(p) = 3*p**3 - 5*p**2 - 33*p - 5. Is g(12) prime?
False
Is (0 - (-69)/(-92)) + 552494/8 a composite number?
False
Let t be 2/(-3) + 526/6. Suppose -20 = 5*y, -3*d - 119 = 5*y + 63. Let g = t + d. Is g a prime number?
False
Suppose -8 - 22 = 5*y. Let b(z) = 30*z + 12. Let p be b(y). Let m = 386 + p. Is m composite?
True
Suppose -4*g - 230 = -4*k + 250, -2*g - 606 = -5*k. Suppose -q = -k - 6. Is (3 + -7)/4 + q a prime number?
True
Suppose 22*z = 23*z - 18. Let h be (116/6)/(z/189). Let c = h - 134. Is c a composite number?
True
Suppose -16 = -6*r + 2*r. Let q(f) = 1 - 2*f + 0*f - 2*f**3 - r*f**3. Is q(-2) composite?
False
Let k = 83 - 71. Is 1/(-3)*(-18)/k*5042 composite?
False
Let i = 24 + -22. Suppose 4*q = -i*q + 2958. Is q a composite number?
True
Let f = 53 - 32. Is f/7 - -1*7 a composite number?
True
Let q(n) = 277*n**2 - 89*n - 7. Is q(-8) a composite number?
False
Suppose 3*z + 2018 = 5*z. Suppose 2*l + z = 5*c, -5*c + l + 1003 = 2*l. Is c composite?
True
Suppose 4*o - 173 - 466 = -p, 5*p + 3*o - 3263 = 0. Is p prime?
False
Let b(c) = -33*c - 5. Let a be (-1)/4 - 207/(-12). Suppose -3*k + 5 - a = 0. Is b(k) prime?
True
Let m be 0/(-3)*1/2. Suppose -5*u + 4390 = -m*u. Is u prime?
False
Suppose r + 3*r = -16. Let x be ((-4)/(-7))/(r/(-28)). Suppose 2*l - x*j = 13 + 3, -3*j - 21 = -3*l. Is l a prime number?
False
Suppose -8 + 773 = -9*w. Let b = 114 - w. Is b a composite number?
False
Let g be 5/15 + 4/6. Suppose 0 = 2*r - g + 3. Is (r + -101)*4/(-8) a composite number?
True
Let y be ((-3)/(-9)*0)/((-4)/2). Is (-485)/(y - 1)*(0 - -1) prime?
False
Suppose -4*s + 7*s - 10 = o, 3*o + 30 = 5*s. Is -1*73*-2 - (o + 7) a composite number?
False
Is ((-63)/(-27) - 2)*111117 prime?
True
Let a be 30/(-9)*672/(-20). Suppose -5*m = -4*w + 1223, w + 5*m + a - 424 = 0. Is w a composite number?
False
Let f(o) = o**2 - 3*o + 5. Suppose 2*k - 1 = 17. Suppose -9 = -2*y + k. Is f(y) a composite number?
False
Let c be 2/(-6) - 10/6. Let l(p) = p**2 - 2*p + 1. Let q be l(c). Is (-1 - q)/((-14)/721) composite?
True
Is (-13 + 16)*78927/9 a composite number?
False
Let p(o) = o**3 + 20*o**2 + 19*o - 15. Let m be p(-18). Is (1*m)/(1 - 0) composite?
True
Let p(k) = 60*k**2 - 25*k - 17. Is p(-20) a composite number?
True
Suppose -94*m + 98*m - 3084 = 0. Is m a composite number?
True
Suppose -94 + 2180 = 2*z. Is z prime?
False
Let d(o) be the first derivative of 7*o**2/2 + 4*o + 2. Let t = 12 + -5. Is d(t) composite?
False
Is (-6 - (-1 + -2))*(-3433)/3 composite?
False
Suppose 0 = -86*k + 92*k - 39354. Is k a prime number?
False
Let j = 48 - 44. Suppose -12*z + 17432 = -j*z. Is z prime?
True
Suppose 9*n + 15 = 51. Is 2661/21 + n/14 a prime number?
True
Let q = 82 + -86. Let v = 88 + -41. Is 4 + (v - q) - -2 a prime number?
False
Let j(n) = -3*n + 3 + n + n. Let q be j(0). Is (2 - q)/((-2)/178) a prime number?
True
Let q(g) = 256*g**2 + 50*g + 212. Is q(-5) a prime number?
False
Suppose 22*z = 19*z + 9. Let j(l) = -46*l**2 - 8*l + 7. Let h(y) = -185*y**2 - 33*y + 29. Let f(c) = 2*h(c) - 9*j(c). Is f(z) a composite number?
False
Suppose 27*p + 15 = 30*p. Suppose -4*r - p*i + 1287 = -4353, 4*r + 4*i = 5636. Is r a composite number?
True
Let m be (4/(-16))/(4/(-48)). Suppose -4*g + 623 = m*g. Is g a composite number?
False
Suppose -t - q - 3 + 2 = 0, 1 = 2*t - q. Suppose z - 3896 = -2*n, n - z - z - 1953 = t. Is n a composite number?
False
Suppose -3*s - 302960 = -5*h, -83309 = -3*h - 3*s + 98443. Is h a prime number?
True
Suppose j + 9 = 5*d, 3*d + 4*j + 11 + 2 = 0. Let g(c) = -8*c - d - 5*c - c + 6*c**2. Is g(11) a composite number?
False
Let r(q) = 8*q**2 + 7*q + 15. Let v(n) = n + 16. Let s be v(-8). Is r(s) a composite number?
True
Is 46192/14 + -6*4/56 prime?
True
Suppose 48*b = 47*b + 179. Is b a prime number?
True
Let b(v) = 58*v**3 + 3*v**2 - 23*v + 17. Is b(6) a prime number?
False
Is 8164/6 - 13/(-39) a prime number?
True
Let v = 24 - 20. Suppose -v*n = 4*f - 8, -n - 5*f + 5 = -1. Let i = 22 + n. Is i composite?
False
Suppose 13350 - 3845 = 5*m. Is m a prime number?
True
Let c = -23087 - -33136. Is c composite?
True
Suppose -43*s = -12*s - 627719. Is s composite?
False
Let j(d) be the second derivative of -10/3*d**3 + 0 + 3/2*d**2 - 8*d. Is j(-4) composite?